he highest common divisor of 132 and 12.
12
What is the highest common divisor of 696 and 870?
174
What is the greatest common divisor of 1 and 227?
1
Calculate the greatest common divisor of 5576 and 410.
82
What is the greatest common factor of 833 and 238?
119
Calculate the highest common divisor of 152 and 56.
8
What is the highest common factor of 8805 and 15?
15
Calculate the greatest common divisor of 1575 and 6.
3
What is the highest common factor of 93 and 186?
93
Calculate the greatest common factor of 2 and 151.
1
Calculate the greatest common divisor of 670 and 20.
10
Calculate the greatest common divisor of 9 and 18999.
9
What is the greatest common divisor of 148 and 333?
37
Calculate the highest common divisor of 224 and 616.
56
What is the highest common factor of 20401 and 69?
23
What is the highest common divisor of 1980 and 924?
132
Calculate the greatest common divisor of 225 and 18.
9
Calculate the highest common factor of 1456 and 91.
91
What is the greatest common divisor of 297 and 2700?
27
What is the highest common factor of 20 and 2405?
5
What is the highest common divisor of 92 and 368?
92
What is the greatest common divisor of 106 and 6254?
106
Calculate the greatest common divisor of 30 and 282.
6
Calculate the highest common divisor of 280 and 436.
4
Calculate the highest common factor of 3342 and 6.
6
What is the highest common factor of 112 and 70?
14
Calculate the highest common factor of 62 and 31.
31
What is the highest common divisor of 84 and 48?
12
What is the greatest common divisor of 5047 and 49?
49
Calculate the highest common divisor of 225 and 97425.
225
What is the highest common divisor of 56 and 14?
14
What is the greatest common factor of 104 and 312?
104
Calculate the greatest common factor of 1740 and 493.
29
Calculate the greatest common divisor of 35 and 17220.
35
Calculate the highest common divisor of 198 and 576.
18
Calculate the highest common factor of 9128 and 16.
8
What is the greatest common divisor of 238 and 357?
119
Calculate the greatest common factor of 1239 and 59.
59
What is the greatest common divisor of 132 and 228?
12
Calculate the highest common factor of 54 and 2457.
27
What is the highest common divisor of 355 and 30?
5
Calculate the greatest common factor of 41 and 8692.
41
What is the greatest common factor of 127 and 5207?
127
Calculate the greatest common divisor of 50 and 70.
10
Calculate the greatest common factor of 124 and 155.
31
Calculate the highest common factor of 161 and 667.
23
Calculate the greatest common factor of 90 and 750.
30
What is the greatest common factor of 48 and 336?
48
Calculate the highest common factor of 24 and 666.
6
Calculate the greatest common divisor of 128 and 2.
2
What is the highest common factor of 65 and 13?
13
What is the highest common divisor of 828 and 108?
36
What is the greatest common factor of 232 and 58?
58
What is the highest common divisor of 262 and 19257?
131
Calculate the highest common divisor of 3382 and 57.
19
Calculate the highest common divisor of 2 and 16.
2
Calculate the greatest common divisor of 7 and 875.
7
Calculate the highest common factor of 2 and 196.
2
Calculate the highest common divisor of 54 and 27.
27
What is the greatest common factor of 3634 and 790?
158
What is the highest common divisor of 178 and 2?
2
Calculate the greatest common factor of 36 and 3906.
18
Calculate the greatest common divisor of 40 and 232.
8
What is the highest common divisor of 192 and 1272?
24
Calculate the greatest common divisor of 55 and 99.
11
What is the greatest common factor of 78 and 1378?
26
Calculate the greatest common divisor of 12 and 196.
4
What is the highest common divisor of 63 and 525?
21
What is the highest common divisor of 5193 and 18?
9
What is the highest common factor of 24 and 204?
12
Calculate the greatest common factor of 6 and 4152.
6
What is the greatest common divisor of 156 and 130?
26
What is the highest common divisor of 612 and 476?
68
Calculate the highest common divisor of 17 and 10149.
17
Calculate the greatest common divisor of 1898 and 8.
2
Calculate the greatest common factor of 105 and 60.
15
What is the greatest common factor of 1875 and 150?
75
Calculate the highest common divisor of 975 and 75.
75
What is the greatest common divisor of 90 and 1935?
45
Calculate the highest common divisor of 37 and 592.
37
What is the highest common factor of 18 and 774?
18
What is the greatest common divisor of 1076 and 4?
4
Calculate the greatest common factor of 1104 and 24.
24
Calculate the greatest common divisor of 50 and 75.
25
Calculate the highest common divisor of 120 and 432.
24
Calculate the greatest common divisor of 77 and 70.
7
Calculate the greatest common divisor of 330 and 5.
5
Calculate the greatest common factor of 342 and 99.
9
Calculate the greatest common factor of 730 and 30.
10
What is the greatest common divisor of 901 and 51?
17
What is the highest common factor of 3 and 33?
3
Calculate the highest common divisor of 24 and 6.
6
Calculate the highest common divisor of 500 and 20.
20
What is the highest common factor of 75 and 3?
3
What is the highest common factor of 558 and 1891?
31
What is the greatest common factor of 250 and 30?
10
What is the greatest common factor of 99 and 15939?
99
What is the greatest common factor of 39 and 247?
13
What is the greatest common divisor of 34 and 1394?
34
Calculate the highest common divisor of 140 and 385.
35
What is the highest common factor of 8533 and 106?
53
Calculate the greatest common divisor of 120 and 696.
24
Calculate the highest common divisor of 11 and 3157.
11
Calculate the highest common factor of 3036 and 132.
132
What is the highest common divisor of 41643 and 63?
63
Calculate the greatest common divisor of 1053 and 78.
39
What is the highest common divisor of 40 and 430?
10
What is the highest common divisor of 92 and 7406?
46
Calculate the greatest common factor of 76 and 380.
76
Calculate the highest common factor of 77 and 16016.
77
Calculate the highest common divisor of 432 and 270.
54
Calculate the greatest common divisor of 6220 and 50.
10
Calculate the highest common divisor of 5 and 685.
5
What is the greatest common factor of 60 and 450?
30
What is the greatest common factor of 407 and 777?
37
Calculate the highest common divisor of 665 and 140.
35
What is the highest common factor of 1080 and 27?
27
What is the highest common factor of 60 and 1780?
20
What is the greatest common factor of 7950 and 120?
30
What is the highest common divisor of 225 and 3025?
25
Calculate the greatest common divisor of 60 and 14460.
60
What is the greatest common factor of 158 and 4029?
79
Calculate the greatest common factor of 210 and 126.
42
Calculate the highest common factor of 24246 and 36.
18
Calculate the greatest common divisor of 88 and 1096.
8
Calculate the greatest common factor of 62 and 496.
62
What is the highest common factor of 22 and 1782?
22
What is the highest common factor of 1330 and 40?
10
What is the highest common factor of 5 and 2495?
5
What is the highest common factor of 23759 and 23?
23
Calculate the highest common divisor of 100 and 17725.
25
What is the highest common factor of 91 and 1131?
13
Calculate the greatest common factor of 2 and 1609.
1
What is the greatest common divisor of 128 and 1584?
16
What is the highest common divisor of 159 and 3?
3
What is the greatest common factor of 25060 and 140?
140
Calculate the highest common divisor of 269 and 34163.
269
Calculate the highest common factor of 595 and 224.
7
Calculate the greatest common factor of 29 and 37033.
29
Calculate the greatest common divisor of 34 and 918.
34
Calculate the greatest common divisor of 465 and 558.
93
What is the highest common factor of 666 and 6?
6
Calculate the greatest common factor of 68968 and 296.
296
What is the highest common factor of 13 and 442?
13
Calculate the highest common divisor of 402 and 1340.
134
What is the highest common factor of 1421 and 1827?
203
What is the highest common factor of 6 and 39?
3
Calculate the highest common factor of 629 and 185.
37
Calculate the greatest common factor of 103 and 6901.
103
Calculate the highest common divisor of 2100 and 36.
12
Calculate the gr